132*(861/(-28))/(-41).
88
Let i(f) = -f**3 - 6*f**2 - 5*f + 5. Let c be -10 + 35/4 + 81/4. Let y(j) = 9*j - 148. Calculate the remainder when y(c) is divided by i(-5).
3
Let f = 38 + -38. Suppose f = 7*a + 597 - 4461. What is the remainder when a is divided by 15?
12
Let u be 1 - 1 - 72/(-8). Suppose 0 = -u*o + 8*o + 2. Let n(c) = 8*c**2 + c + 3. Calculate the remainder when n(o) is divided by 19.
18
Let s = 4 + -2. Let k(i) = -2*i**3 + 29*i**2 + 20*i + 5. Let w be k(17). Let p = 1102 + w. What is the remainder when p is divided by s?
0
Let l(r) = 35*r + 24. What is the remainder when 2836 is divided by l(3)?
127
Let v be (-10402)/(-18) + (-2)/(-18). Let c = -405 + v. What is the remainder when c is divided by 29?
28
Suppose -x - 4*g - 27 = 40, 2 = g. Suppose -o + 23 = 78. Let b = o - x. What is the remainder when b is divided by 8?
4
Let o = -15 - -15. Suppose 5*v + 3 = -x, 2*x + o*x - 2*v = 6. Suppose -2*n + x + 20 = 0. Calculate the remainder when n is divided by 4.
3
Let v = 5562 - 5509. Calculate the remainder when 360 is divided by v.
42
Let f(u) = -3*u**2 + u + 3. Let b be f(-4). Suppose -4*l - 215 = 3*t - 5, 0 = -3*t + 5*l - 183. Let i = b - t. What is the remainder when 31 is divided by i?
14
Suppose -124*p + 181722 - 27022 = 6*p. Calculate the remainder when p is divided by 198.
2
Let c = 200 - 64. Suppose 16*b = 18*b + c. Let k = b - -79. Calculate the remainder when 42 is divided by k.
9
Suppose -2*u + 4*u - 8 = 0. Suppose 2*d - 4 = 5*n, u*d + 4 = 2*n + 12. Calculate the remainder when 70 is divided by (d/6)/(19/1083).
13
Let p = -6319 + 6535. What is the remainder when p is divided by 55?
51
Calculate the remainder when (10194/51 - (-16)/136) + 0 is divided by 51.
47
Suppose -43*m + 39272 = 1690. Calculate the remainder when m is divided by (-16)/56 + (-513)/(-7).
71
Let g = -19 - -12. Let y = 10 + g. What is the remainder when 5017/1730 - (-2)/20 is divided by y?
0
Let v be (170/68)/((-1)/(-2)). Suppose -20*h + v*h = -180. What is the remainder when h is divided by 9?
3
Calculate the remainder when (-1333)/(-5) + 4/10 is divided by 80.
27
Let j(s) = 13*s**3 - 10*s**2 - 5. Let r be 5/(-20) - 1/(-4). Let l(c) = -c + 20. What is the remainder when j(2) is divided by l(r)?
19
Let r = 11 + 13. Let p(o) = 14*o**2 - 3*o - 2. What is the remainder when r is divided by p(1)?
6
Suppose -18 + 7 = -3*u - g, 5*g = 5*u - 25. Suppose l = -o + 28, -u*l + 44 = -5*o + 148. What is the remainder when 50 is divided by o?
2
Let o = 31 + 65. Let u(x) = 2*x + 29. Suppose 0 = -5*v - 7 - 3. What is the remainder when o is divided by u(v)?
21
Suppose 3*u = -2*a + 750, -2*u - 441 = 2*a - 1199. What is the remainder when a is divided by 27?
9
Let u = 684 - 806. Let g = u - -174. Calculate the remainder when g is divided by 12.
4
Suppose -8*g = 5*g + 559. Let x = -37 - g. Suppose -5*s - 4*l + 1 + 18 = 0, 3*s = -2*l + 11. Calculate the remainder when x is divided by s.
0
Let v(i) = -14 - 23 - 11 - 21*i - 1 - 28. What is the remainder when 7 is divided by v(-4)?
0
Let t(q) = -47*q + 977. Calculate the remainder when 1690 is divided by t(18).
118
Let f(u) be the third derivative of u**4/3 - 2*u**3/3 - 40*u**2. Let i be f(5). Suppose 2*y - i = 50. Calculate the remainder when y is divided by 16.
11
Let j = -4129 + 4209. What is the remainder when 272 is divided by j?
32
Let x = 8 - 16. Let m be (-54)/(-15) - (-9)/(-15). What is the remainder when (-466)/x - m/12 is divided by 30?
28
Let f = 4674 - 4386. Calculate the remainder when f is divided by 272.
16
Suppose 15 = -5*w - 0. Calculate the remainder when 190 + w/3 + -5 is divided by 31.
29
Let n(t) = t**3 - t**2 - t + 100. Let q be n(0). Suppose 0 = 2*u - 128 - q. Suppose 7*i - u - 390 = 0. Calculate the remainder when i is divided by 37.
35
What is the remainder when 590 + -9 + 8 - 6 is divided by 33?
22
Let n be 2*5*6/20. Suppose 50 - 6 = 5*a + l, -20 = -n*a + l. Calculate the remainder when a is divided by (-224)/(-63) - (-4)/9.
0
Let b(m) = -2*m**2 - 7*m - 20. Let y(v) = -v**2 - 6*v - 20. Let k(h) = -2*b(h) + 3*y(h). Let a = 92 - 100. What is the remainder when k(a) is divided by 39?
37
Suppose -73*z + 1430 + 21414 = -4020. What is the remainder when z is divided by 12?
8
Let f = 70 - 41. Calculate the remainder when f is divided by 1*((-4)/(16/(-76)) - 2).
12
Let p(m) = -2*m - 22. Let w(s) = 13*s**3 - 3*s**2 + 2. Let d be w(-1). Let k = 51 + -26. Calculate the remainder when k is divided by p(d).
1
Suppose -2581 = -224*x + 135*x. What is the remainder when 1188 is divided by x?
28
Suppose 0 = -2*u + 4*f + 73 - 63, -3*u + 55 = 2*f. What is the remainder when 2440 is divided by u?
10
Let f be (-12)/(2 + (-65)/25). Suppose -297 = f*m - 31*m. What is the remainder when 39 is divided by m?
12
Let f = 49 + -47. What is the remainder when 103 + f*(-45)/18 is divided by 23?
6
Let o(j) = j**3 + 18*j**2 + 32*j - 7. Let y be o(-16). Let p(s) = s**3 + 14*s**2 + 22*s - 19. What is the remainder when p(y) is divided by 87?
83
Let n(f) = 2*f**2 - 15*f + 21. Suppose 0 = -5*j - 25, l + 5*j - 2*j = -8. What is the remainder when 62 is divided by n(l)?
6
Let g(y) = -y**3 - 3*y**2 + 211*y + 29. Calculate the remainder when 19854 is divided by g(13).
66
Let t = -1988 - -2128. Calculate the remainder when t is divided by 105.
35
Suppose -9 - 16 = -5*b. Suppose b*j = 7*j - 10. Calculate the remainder when 39 is divided by 1/j - (-104)/5.
18
Suppose -19 = -t + 44. Let a(l) = l**2 - 4*l - 51. What is the remainder when a(-7) is divided by (t/15 - 1)/((-1)/(-5))?
10
Let s = 23631 + -20447. Calculate the remainder when s is divided by 167.
11
Let m = 8006 - 7312. Calculate the remainder when m is divided by 116.
114
Let l(y) = -168*y**3 - 792 + 792. What is the remainder when l(-1) is divided by 9?
6
Suppose 5*y - 15 = -0. Suppose v + 0*a + y*a = -2, -16 = -5*v - 2*a. Suppose -r + 5 = -0*r, -v*o + 15 = -r. Calculate the remainder when o is divided by 3.
2
Suppose -24*b = -340 + 28. Let l(r) = r**3 - 14*r**2 + 15*r - 13. What is the remainder when l(b) is divided by -5*(-1 + 1/5)?
1
Let u(d) = 733*d - 129. Let t be u(5). Suppose 156*o = 164*o - t. Calculate the remainder when o is divided by 12.
10
What is the remainder when 49922/327 - 33/9 is divided by 39?
32
What is the remainder when 343 is divided by -2*46/(-8)*(13 + -7)?
67
Let g = -606 - -615. What is the remainder when 2933 is divided by g?
8
Let y(t) = -3*t - 1. Let g be y(9). Let j be (-122)/(-8) + -1 + g/(-16). Let r = j + 45. What is the remainder when r is divided by 16?
13
Let o(z) = 3*z**3 + 2*z**2 - z + 1. Let r be o(1). Let s = r - -6. Calculate the remainder when s is divided by 11.
0
Let w(m) = 261*m**3 - 5*m**2 - 2*m + 19. What is the remainder when w(2) is divided by 67?
6
Let a(f) = 3*f**3 - 5*f**2 + 2*f - 2. Let z(o) = -65*o + 474. Let b be z(7). Calculate the remainder when a(4) is divided by b + (-9)/27*-15.
22
Suppose 0 = -3*i - l + 4, -4*i = -0*l - 2*l + 8. Suppose 11*r - 68 - 97 = i. Suppose 0 = -2*p - 10 + 50. What is the remainder when p is divided by r?
5
Let y = 190 + -150. Suppose 0 = -3*z + 4*w + 143, z - 5*w - 15 - y = 0. What is the remainder when 150 is divided by z?
15
Suppose -3*h + 480 = 4*k, -56 = 4*h - 2*k - 696. Suppose 0 = h*z - 144*z - 256. What is the remainder when 28 is divided by z?
12
Let t(d) = d + 128. Let z be 5*(-9)/(-45) + -1 + -15. Calculate the remainder when t(z) is divided by 25.
13
Suppose -677 = -18*g - 574 + 2129. What is the remainder when g is divided by 37?
13
Suppose 12*a + f = 10*a + 982, -4*f + 2467 = 5*a. What is the remainder when 1001 is divided by a?
27
Suppose 5*y = -5*q + 735, 4*y - 358 = 3*q + 209. Calculate the remainder when y is divided by 33.
12
Suppose -169 - 47 = -3*c. Calculate the remainder when (12/(-27))/(42/(-1953))*(-15)/(-2) is divided by c.
11
What is the remainder when (3 - (-60)/28)/((-1110)/560 + 2) is divided by 49?
43
Suppose 81*v - 83*v + 51 = -3*s, 5*s = -7*v + 101. Suppose -807 = -0*t - 3*t. Calculate the remainder when t is divided by v.
17
Let z(s) = -14 + 0*s**2 + s**2 - 2*s + 6. Let g = 1912 + -1835. Calculate the remainder when g is divided by z(6).
13
Suppose 11 = 3*r + 8. Suppose -3*h + 11 + r = 0. What is the remainder when (h/6 + (-20)/(-24))*46 is divided by 24?
21
Let p 